 = -p - 3*s. What is the units digit of u(p)?
4
Let l be 8/36 + (-86)/(-18). Suppose -5*j - 12 = -4*z, 0*z + 2*j + 32 = l*z. What is the units digit of z?
8
Let h(n) = 3*n + 1. Let w be 3/(-9) + (-4)/6. Let x be h(w). Let o = x - -10. What is the units digit of o?
8
Suppose 61 = 2*i + g - 0*g, -3*i = 2*g - 91. What is the units digit of i?
1
What is the units digit of (-2127)/(-18) - (-6)/(-36)?
8
Let r(p) = 5. Let n(i) = -i + 6. Let q(z) = -3*n(z) + 4*r(z). Let f = 0 + 2. What is the units digit of q(f)?
8
Suppose -76 = -3*c - c. Suppose 50 = 4*b - 2*u, -4*b + u + 68 = c. What is the tens digit of b?
1
Let k(j) = j - 4. Let v be k(16). Suppose -2*b - v = 2*b, 4*b - 11 = -h. What is the tens digit of h?
2
Suppose -3*f + 5*f = 3*i - 2, -4*i = 5*f - 18. What is the units digit of 2*6 - f/(-1)?
4
Let g = 21 - 16. Suppose 4*b - g*k = -3*k + 44, 5*k - 11 = -b. What is the tens digit of b?
1
Suppose 0 = -4*u + 4*o + 456, 5*u = 4*o + 79 + 487. What is the hundreds digit of u?
1
Suppose -2*j + 8 = 2*j, 3*v + 22 = 5*j. What is the units digit of (24/(-10))/(v/10)?
6
Let a(i) = i**3 - 10*i**2 + i + 1. What is the tens digit of a(10)?
1
Let g = 58 + -31. What is the tens digit of g?
2
Let i be -2 + (-12 - -2) + 4. Let p = i - -28. What is the tens digit of p?
2
Suppose 0 = 5*s - 4*s. Suppose s = 2*p - 0*p. What is the units digit of 4 + -4 + p + 2?
2
Let r(j) = 3*j**3 + 2*j**2 + j + 3. Let d(x) = 4*x**3 + 2*x**2 + x + 4. Suppose -5*k = 4 - 14. Let f(o) = k*d(o) - 3*r(o). What is the units digit of f(-2)?
1
Suppose -t = t - 16. What is the units digit of t?
8
What is the tens digit of (-12)/18 - (-402)/9?
4
What is the units digit of 258 + (3 - 4)/(-6)*6?
9
Let k = 171 + 26. What is the tens digit of k?
9
Let c(u) = -u**3 - 5*u**2 - 3*u - 4. Suppose k = -2*k - 15. What is the units digit of c(k)?
1
Let i(f) = f**2 + 5*f - 5. Suppose 3*g + 33 - 12 = 0. What is the units digit of i(g)?
9
Let n = 8 - -9. What is the tens digit of n?
1
Let q = 1 - 10. Let b(f) = f**3 + 10*f**2 + 8*f - 2. What is the units digit of b(q)?
7
Let b(o) = o**2 + 9*o + 1. Let r be b(-9). Let m = r - -11. What is the tens digit of m?
1
Let i(c) = -3*c - 13. Let n be i(-10). Let x = n - -2. What is the units digit of x?
9
Let c = -28 - -46. What is the units digit of c?
8
Let q = -76 + 170. What is the units digit of q?
4
What is the tens digit of 9/((-135)/(-700))*3?
4
Suppose -p + 4*p + 16 = -5*n, -4*p = 4*n + 8. Suppose 27 = -0*o + p*o. What is the units digit of o?
9
Let z be (2 - 3) + 3 + 0. Suppose 0 = -t - 3*u + 11, -4*t + 35 = 5*u - z. What is the units digit of t?
8
Let w = -14 + 24. Suppose -4*u - 4 = 4*s, 3*s + w = 4*u - 0*s. What is the units digit of u?
1
Suppose 0 = 5*c - t - 311, 44 = 2*c + 4*t - 76. What is the units digit of c?
2
Let o(g) = 3*g**2 - 3*g + 3. Suppose 1 = 2*t + z - 3, -4*t + 32 = -4*z. Let v = t + -2. What is the units digit of o(v)?
9
Suppose 4*m + 13 = 133. What is the units digit of ((-24)/(-10))/(6/m)?
2
Let m = -13 + 36. What is the units digit of m?
3
What is the units digit of (-36)/14*84/(-9)?
4
Let n(r) = r - 2*r**2 + r**3 + 2*r**2. Let s be n(0). Suppose s = -5*x - 2*o + 45, -3*o + 0 + 1 = -2*x. What is the units digit of x?
7
Let x(r) = -r**3 - 20*r**2 + 10*r - 30. What is the hundreds digit of x(-21)?
2
Let b = 556 + -309. What is the units digit of b?
7
Suppose 3*c = 147 + 93. What is the tens digit of c?
8
Let x(v) = 2*v + 13. Suppose 6*z - 4*z = -12. What is the units digit of x(z)?
1
Suppose 5*a = 0, 2*w - w - 3*a = 14. What is the tens digit of w?
1
Let p(w) be the third derivative of -w**6/60 + w**4/24 + 47*w**3/6 + 9*w**2. What is the tens digit of p(0)?
4
Let q = -20 + 70. Suppose 8*d - 3*d = q. What is the tens digit of d?
1
What is the hundreds digit of 9/1*(-7 - (-242)/6)?
3
Suppose 3*h - 2*h - 3 = 0. What is the units digit of h?
3
Suppose 0 = -5*b + 3*z + 9, 6*b + 5*z - 25 = b. What is the units digit of b?
3
Let t be 6 - (3 + 1 + -2). What is the units digit of (-120)/(-21) + t/14?
6
Suppose p + 0*p = 0. Suppose 3*d = g + 6, 2*d - 4 - 4 = p. What is the units digit of g?
6
Let d(q) = 3*q - q - 3*q. Let s be d(-5). Suppose -s*w + 32 = 4*f, -8*w + 2*f = -3*w - 14. What is the units digit of w?
4
Let g(h) = 7*h - 2. What is the tens digit of g(7)?
4
Let b be 2/((-140)/148 - -1). Let d = 53 - b. What is the tens digit of d?
1
Let y(i) = 2*i**2 - 7*i + 6. Suppose 2*n + 2*n = 20. Let l be y(n). Suppose 73 - l = 4*s. What is the tens digit of s?
1
Let g be (-4)/(-6) + (-8)/(-6). Suppose 0*r + 8 = 2*r, 58 = g*w + r. What is the tens digit of w?
2
What is the units digit of (-49)/(-10) - 9/(-90)?
5
Let m(y) = -y - 3 + 0*y - y**2 - 6*y. Let l be m(-6). Suppose 8*b - 4*b - 4 = 4*u, 4*u - 24 = -l*b. What is the units digit of u?
3
Let d = -1 - 3. Suppose 0 = 7*p - 3*p. What is the units digit of d/(-2) + (4 - p)?
6
Let s(i) = 3*i**2 + 8*i + 5. Let j be s(-5). Suppose -j = -a - 3*a. What is the units digit of a?
0
Let i(g) be the first derivative of 2*g**3/3 - g**2/2 - 2. Let l be i(-1). Suppose -l*f = 3*o - 8 - 7, 2*f + 3*o - 10 = 0. What is the units digit of f?
5
Let z(v) = -3*v - 3. Let h be z(-13). Let b(s) = -s**3 - 5*s**2 - s - 3. Let d be b(-5). Suppose -d*q + h = q. What is the units digit of q?
2
Suppose 0 = 5*m - w - 15, 12 = 6*m - 2*m + 5*w. Suppose -5*u + 50 = 4*v, 4*u - 2*v + 1 = m*v. What is the units digit of u?
6
Let r(l) = l**2 - 4*l - 8. What is the units digit of r(6)?
4
Let y(f) = f**3 + 8*f**2 + 3*f + 8. What is the units digit of y(-7)?
6
Suppose -y + o + 13 = 2*y, 5*y = 5*o + 5. Let l = 11 - y. Suppose l*m - 3*m - 8 = 0. What is the units digit of m?
4
Suppose -49 - 16 = -k. What is the units digit of k?
5
Suppose 6*t - 5*t + 4 = 0. Let l(i) = -i**2 - 5*i - 1. Let w be l(t). Suppose -w + 19 = 2*a. What is the units digit of a?
8
Let y(u) = -u**3 - 4*u**2 + 2*u + 2. Let v be y(-5). Suppose v = 3*r - 31. What is the tens digit of r?
1
What is the tens digit of (-754)/(-10) + -1 - (-6)/(-15)?
7
Suppose -157 = -5*c + 1353. What is the tens digit of c?
0
Suppose -3*s + 2 = -4*s + 3*z, -5*s = 5*z - 50. Suppose -5*j + 3 = -s. What is the units digit of j?
2
What is the units digit of (-6)/(-9)*390/4?
5
Let k = -33 + 38. Suppose 2*i - 9 = 29. Let j = i - k. What is the units digit of j?
4
Let r = 69 + -44. Suppose 0 = 3*f - 14 - r. What is the tens digit of f?
1
Let r(d) = 7 - 14*d - 1 - 1 + 4 + d**2. What is the units digit of r(14)?
9
Suppose -125 - 71 = -4*d. What is the tens digit of d?
4
Let n(z) = z**2 - 4*z + 5. Let y be n(4). Suppose -1 = k, -5*t + 4*k = -k - y. Suppose t = 2*p - p + 5, -35 = -4*l - p. What is the units digit of l?
0
Let u(h) = -2*h - 5. Let d be u(-5). Suppose -2*b - d = -3*b. What is the units digit of b?
5
Let c(t) = t**3 - 10*t**2 + 13*t - 9. What is the units digit of c(9)?
7
Suppose 5*l - 10 = -0. Suppose l*v - v - 9 = 0. What is the units digit of v?
9
Suppose -5*x + 2*x = -5*b + 853, x = 2*b - 342. What is the hundreds digit of b?
1
Let b be -2 + 2/(-3)*-9. Suppose f - 20 = 3*v, b*v = -4*f + 3*v + 15. What is the units digit of f?
5
Suppose -24 = 4*b - n, 4*b + 12 = -0*b - 2*n. Let x(u) = -u**3 - 5*u**2 + 3. Let d be x(b). Let g(j) = -j**3 + 5*j**2 - 3*j. What is the units digit of g(d)?
9
Let l = 8 - 1. Suppose -z - 2*f = -l, -3*f - 14 = -2*z - 0*f. What is the units digit of z/(3 + -2 + 0)?
7
Let h be ((-8)/10)/(4/50). What is the tens digit of 1 - h*(-1)/(-1)?
1
Let q(o) = -o**2 + 8*o + 12. What is the units digit of q(6)?
4
What is the units digit of (9/(-15))/((-1)/15)?
9
Suppose -4*m = -5*h - 5*m + 55, 4*m = -4*h + 28. Let k = h + -27. What is the units digit of -2*k/(-6)*-1?
5
Let m = 31 + -29. Suppose -10 = -z + 2*w, -z + w = -2*z + 7. What is the units digit of (m + -8)/((-3)/z)?
6
Let j(t) be the second derivative of 0 - 1/2*t**2 + 1/12*t**4 - t - 1/3*t**3. What is the units digit of j(4)?
7
Suppose -4*c = -5*c. Suppose c = q - 7 + 1. What is the units digit of q?
6
Let s(i) = -i**3 + 4*i**2 + 2*i - 5. Let g be s(4). Suppose 5*x - 42 = -5*u - 12, 3 = g*u - 2*x. What is the units digit of u?
3
Suppose 0 = -2*o - 18. Let y be (-4)/18 + (-2)/o. Suppose 0 = 4*d + d + 4*h - 56, -4*h + 16 = y. What is the units digit of d?
8
Suppose -3*u - 3*i = -9, 4*u + 12 = 2*i - 0*i. Let w(m) = -